3 + 7 + -13 - ((-66 - -4) + 8)
53
Calculate (0 + 1 - (7 + (31 - 3) + -24)) + 82.
72
What is 5 - 35 - ((-22 - -19) + 3 - (5 - 1))?
-26
-71 + (26 - -34) - (16 - (-3 - -2))
-28
Evaluate -13 + -43 + -3 + 63 + -85.
-81
What is the value of 18 + -160 + 61 - -76?
-5
Calculate -39 + -12 + (5 - -8) + -25.
-63
What is the value of 152 + 123 + -267 + 85?
93
Calculate 3 + -10 - ((7 - (-33 - -33)) + -2 + -57).
45
4 + 38 + -12 + -16
14
What is 64 - 21 - (6 + (-26 - -22))?
41
Calculate -141 + 196 - (-3 - -49).
9
Calculate (454 - 440 - (1 - -26)) + 40.
27
Calculate (-80 - -40 - -33) + 0 - (-5 + -1).
-1
Evaluate -36 - 2 - (873 - 881).
-30
(-20 + 63 - 83) + -21 + 72
11
What is 74 + (-69 - -91) + -34 + 0 + -1?
61
What is -15 - (112 - 125) - (2 - (1 + 49 + 0))?
46
Evaluate 4 - 1 - (97 + -58 + -53 + 2 + 5).
10
Calculate -586 + 591 + (-1 - -2).
6
77 - 1 - (-5359 + 5414)
21
-28 + 23 + -5 + 3 + -6 + 5 + 55
47
Evaluate 18 + (16 - (-7 + 25)) - 13 - (33 + 0).
-30
What is 3 + -29 + 28 + -14 + -26 - -14?
-24
What is the value of -17 - 0 - (3 + 4 + (-126 - -102) - -12)?
-12
What is (-1 + 0 - (9 - (-13 + 11))) + -548 + 558?
-2
Evaluate -70 + -21 + 69 - 11.
-33
What is the value of 0 + 76 - (148 - 124)?
52
What is the value of -15 - (110 - (2 - (-56 + 37)))?
-104
Calculate (-2455 - -2432) + (-1 - (-68 + -1)).
45
What is the value of -20 + (3 - 13) + 4 + -22 + 23 + 5?
-20
What is the value of -8 + (-77 - ((-4 - -2 - -2) + (-625 - -631)))?
-91
Evaluate 18 + -844 + 847 + 22 + (-4 - -1).
40
What is -29 + 28 + -59 + 55?
-5
What is the value of (-16 - 1) + (76 + -32 - 0)?
27
What is 21 + -7 + -95 + (-1 - (-7 - 0))?
-75
-1 + (-1 - -4) + 76 + (-174 - 17)
-113
-8 + (-6 - (-11 + (-5 - -11)) - (-57 + 97))
-49
Evaluate (-290 - -273) + 64 + 3.
50
What is the value of 10 + -18 - -17 - (13 - 75)?
71
Evaluate -26 + (64 + -20 - 12) - (15 + 0).
-9
What is the value of 22 + (-12 + (15 - 12) - ((7 - 4) + -9))?
19
What is (4 - 18) + 14 + (4 - (33 + -8))?
-21
What is ((-7 - 7) + 27 - 27 - -75) + -2?
59
What is the value of 22 - 29 - (-23 + 26 + (-2 + -2 - -4))?
-10
Calculate (2 + -6 - (8 + -6)) + -164 + 214.
44
What is (-1 - (-4 - -7)) + (-28 + 15 - -22)?
5
Calculate -11 - (-48 + -1 - (78 - 45 - 42)).
29
What is -7 + -3 + (-67 - -90) - 33?
-20
Calculate -3 - -64 - (212 + (124 - 299)).
24
Calculate 98 + -50 + -67 - -9.
-10
Evaluate 2 - -26 - (112 + -51).
-33
What is the value of 66 + -12 + (2 + (-4 - -2) - (58 - 62))?
58
Calculate (-6 - -95) + (-8 - (0 - 0 - (13 - 12))).
82
38 - (-46 - (-79 + 46))
51
Calculate -137 - -3 - (-426 + 362).
-70
19 + -57 + 11 - -25
-2
What is the value of 35 - ((-13 - 3) + (-41 - -87 - 31))?
36
(3 - (0 - -13)) + 21 + 4 + 20
35
What is 4 + -3 + -6 + -23 + -6 + 20 + 48?
34
What is -5 + (6 - -2 - (-197 + 25 + 54))?
121
What is the value of 3 + 12 + (46 - (-29 + 29) - 25)?
36
Evaluate (72 - 95) + (-7 - 0 - -21).
-9
Calculate 56 - (8 + (11 - -7) + -35) - -16.
81
Calculate -50 + 62 - (2 - (-1 + 3)).
12
-31 - (0 - (-47 - -98) - 10)
30
Calculate 44 + ((-1 - 0) + 2 + 8 - (13 - -7)).
33
Evaluate -9 + ((-14 - 37) + -6 - 23).
-89
What is the value of 72 + 1 + (-15 - (14 + (17 - 44)))?
71
Evaluate 3 - (22 - (0 - (15 - 23))).
-11
Evaluate (60 + -80 - -34) + (-62 - 1).
-49
Calculate -11 - (-6 + (106 - (-25 + 24) - -13)).
-125
Calculate 24 + -4 + -7 - -13 - 22 - -16.
20
Evaluate 78 - (11 + -44 - -12 - -56).
43
What is the value of 114 + -35 - 21 - (-17 - -59)?
16
Calculate -8 + (5 - -9) + 14 - (-29 - 8).
57
What is 50 + -103 + 5 - -45?
-3
What is the value of -12 + 8 - (0 + 58 + -25)?
-37
Calculate 25 + (-17 - (11 + -8 + (0 - 6))).
11
Calculate (2 - (-14 - -23)) + (5 - 4) + 14.
8
(-3 - -88) + 3 + 1 + 3 + 29 + -43
78
176 - 157 - (-2 + 4 + 4)
13
(11 - 15) + 1 + (-4 - (-63 - -3)) + 5
58
-4 - -9 - (72 - 43)
-24
Evaluate (-256 - -259) + (6 - 0) + 11 + -14.
6
Evaluate (-4 - (10 + -22)) + 1 + -6 + 7 + -99.
-89
Calculate -12 - 12 - 7 - -15 - 17.
-33
Evaluate -56 + 1 - (166 + -97 - 91).
-33
What is the value of (-19 - -31) + (0 - 0) + -5?
7
What is the value of -4447 + 4433 + -2 + 121?
105
Evaluate 33 - ((-10 - 1 - -8 - -1) + (1 - 4)).
38
Evaluate 64 + -19 + (0 - -34) - 28.
51
(4 - 10) + 164 + (276 - 291)
143
What is 44 + -13 + -18 + -30?
-17
What is the value of 144 + -154 + (-25 - (1 - 2)) + 9?
-25
What is the value of (-2 - (-35 + 40)) + (3 - ((3 - 2) + -8))?
3
Calculate -138 + 97 + 42 + 67.
68
(-123 + 124 - -17) + (-2 - 5)
11
(27 - (-41 + 21)) + -77
-30
Calculate -10 + (28 - -2) + -24 + -34.
-38
7 - (122 + 58 + -96)
-77
Calculate (-37 - 2) + 1 + -14.
-52
What is 16 - (-12 + (3 - -8)) - 12 - 5?
0
12 - (-3 + 7 + (-6 - -17)) - -4
1
(19 - 0 - (83 - 17)) + -23 + 6
-64
Calculate (64 - -14) + -86 - 54.
-62
What is the value of -68 - (2 + 75 + -73)?
-72
Evaluate 32 + (-48 - (-111 - -58)).
37
What is -7 + 4 + 11 + -7 + -7 + -12 + 123?
105
-8 + (3 - -25) + 27 - -27
74
Evaluate -237 + 334 + (5 - 0 - -4) + -5 + -10.
91
Evaluate (-105 + -27 - -140) + (-42 - 1).
-35
Evaluate -121 - (3 - (37 + -14 - (16 - -8))).
-125
What is 89 + (-13 - 45) + 7?
38
Evaluate (-8 - -64) + (-117 - -87).
26
What is the value of 8 + -1 - (114 + -133 + (2 - -67))?
-43
What is (17 - (84 - (-13 + -1))) + -12 - -3?
-90
What is the value of -12 + -8 - (-9 - -24) - (2 + 4)?
-41
What is 61 + -58 - (-20 - -2 - -2)?
19
(-36 - (-8 - 12 - (-25 + 9))) + (0 - -10)
-22
What is 9 - (37 - 42) - (-3 - 48)?
65
((4 - 4) + 2 - (-47 + 61)) + 2
-10
Calculate -19 + 55 - (-96 + 84).
48
What is -1 + (-45 - 24) + 38?
-32
Evaluate -49 - (-57 + (-54 - -59)).
3
What is -5 - (-765 + 749 + -23 + 1)?
33
What is the value of 55246 + -55273 + (0 - -1) + -37?
-63
(-270 - -290) + (-8 - 93)
-81
Calculate (-2 - (-4 - 1)) + 41 - ((28 - 4) + -17).
37
What is -30 - (4 - (-16 - (-17 - 3)))?
-30
-2 + -4 + (-14 + (26 - -4) - (-12 - -61))
-39
41 - (25 + 28 + -30)
18
Calculate 13 - (17 + -6 + -34 + 97).
-61
Evaluate -18 - ((-3 - -47) + -25).
-37
What is the value of (13 - 0) + 0 + -25 + 54 - (5 + 2)?
35
Evaluate (-48 - -83 - 36) + -42.
-43
Calculate -8 - (-11 - (3 - (-20 + 12))).
14
Evaluate -32 + 2 + -6 + (919 - 781).
102
What is -43 - (3 - (-19 - (5 - (28 - (1 + 10)))))?
-53
Evaluate -80 + (72 - (140 - 93)).
-55
What is 39 + 22 - 201 - -107?
-33
Evaluate 71 - -12 - (4 - ((-53 - -69) + (-6 - 1))).
88
Evaluate -49 - (-21 - (-30 - -53)).
-5
What is (55 - (-35 + 39)) + -46?
5
Calculate -32 - (9 - 5) - (144 - 168).
-12
Calculate -131 + (-44 - -20) + 43 + (19 - 3).
-96
Evaluate 6 - 12 - 2 - -11 - (-1 - 5).
9
Calculate (-4 + -15 + 12 - 11) + -15 + 66.
33
-39 + 6 + (-4 - (-6 + 3 - -3) - 6)
-43
(0 - 4 - -26 - (8 - (20 + -5))) + -7
22
Calculate 26 + -4 + -3 + (17 - (11 + 9)).
16
Calculate (-31 - -28) + (9 - 2) + (-42 - 44).
-82
What is the value of 157 + -29 - 100 - (-73 + -2)?
103
Evaluate -5 - (-16 - 38 - (-27 - -6)).
28
Evaluate -41 + -57 + 89 + 54 + 2 + 0.
47
Calculate -58 + (-93 - -106 - (9 + -2) - 18).
-70
What is -3 + (-18 - -16) + 35 + (-2 - 10)?
18
(-291 - -87) + 225 - (1 - (2 + 46))
68
Calculate -67 + (10 - (-19 - -15)) - (10 + 4).
-67
Evaluate -60 + 2 + -2 - (128 - (207 - 66)).
-47
What is 21 - (4 - -2 - 14 - -67)?
-38
What is the value of 63 - (-42 + 24 + 68)?
13
-8 + 18 - 9 - 48 - (-10 - (0 + -13))
-50
Evaluate 1 + (-1 + -46 + (-6 - -9) - 4).
-47
Evaluate -103 + 40 + 56 + -62.
-69
What is the value of 347 + -419 - (-122 - 0)?
50
438 - 484 - (-1 + -89)
44
Evaluate (1 - 8) + -193 + 178.
-22
What is the value of -5 - (5 - 0 - (-66 + 4 + 3 + 4))?
-65
What is 19 + -5 + -1880 + 1817?
-49
What is -16 + 1 - (9 - 0) - -21?
-3
Evaluate (-11 - 0) + (-60 - -4 - -55) + 97 - -3.
88
(85 + 5 + -28 + -8 - (9 - -1)) + -14
30
-1 - -1 - (32 + -2 + 4)
-34
Calculate 1 + -1 + -13 - (37 + 359 + -362).
-47
(9 + -6 + 6 + 0 - 0) + -7 + 2
4
What is the value of (2 + (1 - 74) - 21) + (8 - -5)?
-79
(-74 - -87) + 161 - (-11 - -53)
132
What is 0 - (-1 - (-12 + -7 + 14 - 3) - 2)?
-5
Calculate -4 + 1 + 38 + -38 + 0.
-3
Calculate (-1 - 1) + -34 + (12 - (-24 + 42)).
-42
Evaluate 12 + -2 + -461 + 419.
-32
Evaluate -98 - (-49 + (25 - 46 - -47)).
-75
12 + -84 + 28 - 13
-57
Evaluate 6 - (-47 + 24 - (11 + (-2 - -5))).
43
Evaluate 38 - (-117 + 123 + -40).
72
5 + -3 + 15 + -8 + (2 - (-41 - 0))
52
79 + -93 + 2 + 85 + -1
72
What is the value of 37 + -57 + (30 - -13)?
23
Evaluate -1 + 0 + 8 + (55 - ((0 - -4